 base 14
-b
-77 (base 10) to base 16
-4d
8 (base 11) to base 10
8
-5 (base 15) to base 10
-5
Convert -20 (base 4) to base 2.
-1000
Convert 35 (base 16) to base 2.
110101
What is -a9 (base 11) in base 2?
-1110111
What is -2110 (base 3) in base 11?
-60
What is 111 (base 3) in base 13?
10
10 (base 6) to base 12
6
32 (base 13) to base 15
2b
-1 (base 10) to base 6
-1
What is 1 (base 9) in base 14?
1
101 (base 2) to base 13
5
Convert -20 (base 5) to base 12.
-a
311 (base 6) to base 16
73
49 (base 12) to base 2
111001
Convert 2c (base 16) to base 14.
32
-c (base 14) to base 7
-15
1 (base 12) to base 16
1
-2 (base 3) to base 9
-2
Convert -2 (base 10) to base 4.
-2
What is -1111 (base 3) in base 6?
-104
Convert -262 (base 10) to base 7.
-523
What is 433 (base 5) in base 10?
118
Convert 7 (base 14) to base 10.
7
5 (base 14) to base 13
5
-1202 (base 3) to base 14
-35
1 (base 3) to base 2
1
Convert 16 (base 14) to base 10.
20
30 (base 12) to base 13
2a
18 (base 9) to base 5
32
-62 (base 7) to base 4
-230
Convert 6 (base 14) to base 13.
6
-2 (base 5) to base 4
-2
Convert -6 (base 16) to base 12.
-6
103 (base 5) to base 7
40
What is 50 (base 7) in base 8?
43
-10 (base 15) to base 5
-30
Convert 2 (base 4) to base 2.
10
Convert -1000011 (base 2) to base 6.
-151
132 (base 6) to base 10
56
Convert 2 (base 15) to base 5.
2
What is b9 (base 16) in base 2?
10111001
What is -81 (base 10) in base 4?
-1101
What is 48 (base 9) in base 2?
101100
-4 (base 12) to base 11
-4
Convert 6 (base 8) to base 13.
6
-1001001 (base 2) to base 15
-4d
3 (base 6) to base 7
3
Convert -2 (base 9) to base 16.
-2
Convert 1 (base 5) to base 3.
1
What is -15 (base 13) in base 12?
-16
What is 3 (base 7) in base 10?
3
What is -1a (base 15) in base 8?
-31
0 (base 6) to base 10
0
Convert 20 (base 6) to base 14.
c
What is 0 (base 14) in base 16?
0
What is -9 (base 11) in base 15?
-9
3 (base 11) to base 12
3
Convert 10 (base 7) to base 5.
12
What is 98 (base 10) in base 15?
68
What is -32 (base 11) in base 2?
-100011
What is -32 (base 7) in base 12?
-1b
-21 (base 9) to base 13
-16
Convert 58 (base 15) to base 5.
313
What is 241 (base 6) in base 15?
67
Convert 30 (base 9) to base 3.
1000
161 (base 9) to base 3
12001
What is -82 (base 9) in base 16?
-4a
Convert -2 (base 7) to base 10.
-2
What is 10 (base 12) in base 8?
14
-3 (base 13) to base 12
-3
Convert -10 (base 3) to base 6.
-3
6 (base 14) to base 12
6
What is -1 (base 2) in base 16?
-1
-22 (base 4) to base 2
-1010
What is -31 (base 7) in base 16?
-16
-361 (base 7) to base 2
-10111110
What is -278 (base 10) in base 16?
-116
10 (base 8) to base 15
8
What is -11 (base 4) in base 13?
-5
2322 (base 4) to base 11
15a
Convert -11 (base 4) to base 13.
-5
Convert 0 (base 15) to base 9.
0
What is 5 (base 8) in base 15?
5
Convert 2020 (base 3) to base 16.
3c
Convert 3 (base 9) to base 13.
3
21102 (base 3) to base 15
d5
Convert b (base 14) to base 15.
b
0 (base 8) to base 14
0
Convert 84 (base 10) to base 3.
10010
173 (base 9) to base 10
147
What is -9 (base 12) in base 6?
-13
Convert -2 (base 11) to base 14.
-2
94 (base 10) to base 9
114
Convert -2 (base 16) to base 3.
-2
Convert 3 (base 8) to base 13.
3
Convert 2 (base 15) to base 6.
2
What is 13 (base 7) in base 5?
20
Convert 11110010 (base 2) to base 4.
3302
536 (base 7) to base 10
272
1242 (base 5) to base 15
d2
What is 8 (base 14) in base 8?
10
What is -100 (base 6) in base 3?
-1100
Convert -6 (base 10) to base 6.
-10
76 (base 12) to base 11
82
8 (base 9) to base 7
11
153 (base 7) to base 4
1113
What is 10 (base 3) in base 10?
3
What is 3 (base 14) in base 11?
3
What is -15 (base 10) in base 15?
-10
What is -38 (base 9) in base 15?
-25
Convert 41 (base 13) to base 3.
1222
What is -432 (base 5) in base 2?
-1110101
Convert 1 (base 16) to base 9.
1
What is -2c (base 16) in base 6?
-112
-3 (base 15) to base 6
-3
What is -515 (base 6) in base 2?
-10111111
Convert -1 (base 2) to base 8.
-1
24 (base 5) to base 16
e
Convert 1000110 (base 2) to base 16.
46
What is 0 (base 12) in base 7?
0
Convert 1 (base 5) to base 4.
1
1010 (base 2) to base 13
a
What is -2 (base 11) in base 15?
-2
0 (base 2) to base 15
0
Convert 6 (base 7) to base 10.
6
Convert 14 (base 5) to base 16.
9
What is -9 (base 11) in base 9?
-10
What is -a6 (base 16) in base 5?
-1131
1 (base 3) to base 10
1
What is 101 (base 5) in base 8?
32
Convert 251 (base 7) to base 11.
112
-3 (base 4) to base 11
-3
Convert -77 (base 15) to base 3.
-11011
-10 (base 14) to base 3
-112
What is 0 (base 2) in base 3?
0
-2 (base 15) to base 10
-2
What is 14 (base 10) in base 6?
22
What is -146 (base 9) in base 4?
-1323
What is -140 (base 5) in base 15?
-30
What is -9 (base 15) in base 6?
-13
24 (base 5) to base 10
14
4 (base 14) to base 10
4
3 (base 12) to base 9
3
-120 (base 3) to base 14
-11
What is -71 (base 16) in base 4?
-1301
-11 (base 14) to base 6
-23
Convert 33 (base 6) to base 16.
15
Convert -50 (base 10) to base 15.
-35
What is 0 (base 7) in base 6?
0
Convert -110212 (base 3) to base 2.
-101011011
What is 300 (base 6) in base 13?
84
-99 (base 10) to base 16
-63
a (base 16) to base 5
20
-28 (base 10) to base 8
-34
16 (base 10) to base 5
31
Convert -bd (base 15) to base 9.
-217
What is 441 (base 7) in base 10?
225
Convert 1 (base 7) to base 3.
1
10001 (base 3) to base 16
52
What is -2 (base 7) in base 9?
-2
40 (base 7) to base 6
44
Convert 4 (base 11) to base 9.
4
What is 47 (base 14) in base 10?
63
What is 1 (base 13) in base 2?
1
-5 (base 16) to base 3
-12
Convert -1a (base 12) to base 11.
-20
What is 131 (base 13) in base 16?
d1
What is 14 (base 6) in base 12?
a
Convert 5d (base 14) to base 12.
6b
Convert -67 (base 16) to base 15.
-6d
What is 6 (base 9) in base 16?
6
-553 (base 6) to base 14
-113
-102 (base 3) to base 14
-b
Convert 3 (base 9) to base 14.
3
What is 432 (base 7) in base 8?
333
2421 (base 5) to base 15
191
What is -1 (base 11) in base 4?
-1
18 (base 14) to base 10
22
-205 (base 8) to base 13
-a3
What is -11 (base 14) in base 15?
-10
-14 (base 7) to base 8
-13
-142 (base 5) to base 15
-32
What is -39 (base 15) in base 4?
-312
What is -22 (base 14) in base 8?
-36
10 (base 2) to base 8
2
What is -20 (base 3) in base 12?
-6
-4 (base 11) to base 3
-11
What is -3 (base 8) in base 6?
-3
Convert -1210 (base 3) to base 10.
-48
What is 103 (base 12) in base 2?
10010011
6 (base 14) to base 2
110
Convert -3 (base 15) to base 7.
-3
Convert -12222 (base 3) to base 8.
-241
What is 23 (base 4) in base 11?
10
-120 (base 4) to base 9
-26
0 (base 8) to base 2
0
Convert 51 (base 10) to base 15.
36
-11 (base 16) to base 10
-17
What is 136 (base 12) in base 16?
ba
Convert 100 (base 2) to base 5.
4
Convert 48 (base 10) to base 8.
60
Convert -2 (base 15) to base 10.
-2
-4 (base 11) to base 6
-4
Convert 111011 (base 2) to base 14.
43
221 (base 3) to base 4
121
-105 (base 6) to base 13
-32
What is -143 (base 7) in base 14?
-5a
-9 (base 14) to base 6
-13
What is -4 (base 8) in base 13?
-4
What is 112 (base 3) in base 10?
14
28 (base 13) to base 11
31
Convert 204 (base 6) to base 7.
136
What is -2e (base 16) in base 4?
-232
2 (base 10) to base 12
2
Convert -10 (base 11) to base 9.
-12
Convert 13 (base 5) to base 3.
22
Convert 28 (base 15) to base 5.
123
1c (base 16) to base 11
26
Convert 2 (base 16) to base 3.
2
Convert 2 (base 15) to base 7.
2
Convert -1 (base 3) to base 15.
-1
20 (base 9) to base 15
13
11111 (base 3) to base 6
321
Convert 10012 (base 4) to base 16.
106
What is -103 (base 8) in base 12?
-57
What is -156 (base 7) in base 8?
-132
What is -303 (base 6) in base 5?
-421
Convert 11 (base 11) to base 7.
15
Convert -243 (base 9) to base 2.
-11001001
Convert -1111 (base 2) to base 13.
-12
What is -306 (base 10) in base 6?
-1230
Convert 5 (base 15) to base 13.
5
What is -1001 (base 2) in base 8?
-11
What is 12 (base 11) in base 2?
1101
What is 30 (base 7) in base 3?
210
1 (base 6) to base 12
1
Convert 117 (base 15) to base 3.
100011
Convert 25 (base 11) to base 4.
123
What is 10 (base 8) in base 12?
8
Convert -2 (base 8) to base 13.
-2
-46 (base 8) to base 6
-102
b4 (base 12) to base 7
253
Convert 1 (base 10) to base 16.
1
-3 (base 12) to base 7
-3
What is 1 (base 7) in base 11?
1
10 (base 2) to base 13
2
2 (base 7) to base 10
2
What is 0 (base 7) in ba